mmon divisor of g and b?
15
Suppose -u = 2*s, 5*s - u - 10 = 2*s. Suppose 4*w + 0 - 24 = 0. Suppose w*a - a = 50. Calculate the highest common divisor of s and a.
2
Let n be (-1 - -1 - -1) + 14. Let y be 1/((32/(-160))/(97/(-5))). Suppose -6*r - 7 + y = 0. What is the highest common divisor of r and n?
15
Let n = 9346 + -9330. What is the highest common factor of n and 712?
8
Let m = 42 - 40. Let n be (-30)/(-6) + (m - -17). What is the greatest common factor of 12 and n?
12
Let l(o) = 13*o**2 - 33*o - 4. Let j be l(-7). Let s = j - 846. Calculate the highest common divisor of s and 450.
18
Let j be (1100/33*(-6)/(-5))/2. Suppose -k + 145 = 3*p + 29, -4*p + 2*k = -168. Calculate the greatest common factor of p and j.
20
Suppose b - 438 = -2*k, 454 = 2*k - 54*b + 59*b. Calculate the highest common factor of 1333 and k.
31
Suppose 32 = -5*p + 7, 5*q + 3*p = 75. What is the highest common factor of q and 315?
9
Let z be ((-62799)/(-132))/((-11)/(-88)). Calculate the greatest common divisor of 66 and z.
22
Let x(i) = -i**3 + 31*i**2 + 43*i - 301. Let w be x(32). What is the highest common divisor of 12801 and w?
51
Let n(c) = -423*c - 1669. Let h be n(-10). Calculate the greatest common divisor of h and 985.
197
Let i(a) = 82 + 24*a + 29*a + 27*a - 76*a. Let f be i(-8). What is the greatest common factor of f and 125?
25
Suppose -2*l + 272 = 4*a, 1329*l + 59 = a + 1334*l. Let v(u) = 4*u**2 + 6*u + 7. Let p be v(-6). Calculate the greatest common divisor of p and a.
23
Suppose 0 = 3*o + 5*h - 2, 5*h - 7*h + 5 = -3*o. Let q be (-4)/(-2)*o - 940/(-94). Let v = -46 - -134. What is the highest common factor of v and q?
8
Let d = -123 - -125. Let c be (3 + 1/d)*1*-2. Let m be (-39)/c + (0 - (-18)/42). What is the highest common factor of 54 and m?
6
Let d(j) = j**2 - j - 13. Let h be d(0). Let g(b) = -3*b + 11 - 5 - 9 - 21. Let u be g(h). What is the highest common divisor of u and 30?
15
Suppose 0 = 3*t + 4*u - 135, 4*u - 9 = u. Let c be -1 + 16/12 - (-86108)/66. Let n = 1510 - c. Calculate the highest common factor of n and t.
41
Let v(q) = -702*q - 1826. Let h be v(-3). Calculate the greatest common factor of h and 90.
10
Suppose -36*x + 167734 + 706675 = -65011. Calculate the highest common divisor of 85 and x.
85
Suppose 126*q + 4*y - 100 = 125*q, -4*y = -32. Calculate the highest common divisor of q and 493.
17
Suppose 0*d = 3*d - 4*f - 18, 4*d = f + 11. Suppose d*c + 512 = 10*c. Let o = c + -45. Calculate the highest common factor of o and 19.
19
Let y be (50 - 43)/(-2 - 345/(-170)). What is the greatest common factor of y and 854?
14
Let t be (-3 - 4/2) + -1. Let u(s) = 2*s**3 + 12*s**2 - 2*s - 11. Let o be u(t). What is the greatest common factor of 19 and o?
1
Suppose -1878*p = -2*d - 1873*p + 44680, 5*d - 2*p - 111763 = 0. What is the greatest common divisor of 85 and d?
85
Suppose 12 = -7*x + 10*x. Suppose -x*f = a + 11 + 62, 0 = a - 3. Let g = f + 49. Calculate the highest common divisor of 12 and g.
6
Suppose -3*x = -4*x + 8. Suppose 2208 = 9*j - 32*j. Let t be (13/(-26))/(290/j + 3). Calculate the greatest common factor of x and t.
8
Let o be (-579)/386*(1 - 2279/3). Let r be (-1 - o/(-10))/((-30)/(-75)). Calculate the highest common factor of 12 and r.
6
Let q(c) = -c**3 + 14*c**2 - 36*c + 1109. Let j be q(16). What is the greatest common factor of j and 3395?
7
Suppose f = 4*w + 1122, 43*w + 2*f - 558 = 45*w. Let n = w - -349. Calculate the greatest common factor of 340 and n.
68
Let k = -5 + 63. Let a = -60 + k. Let m be 1 + (-263)/a + (-10)/(-20). Calculate the highest common factor of m and 19.
19
Suppose -7 = -4*q + s, 3*q - 3*s - 3 = -0*s. Suppose -16 + 0 = 4*w, -697 = 5*m - q*w. Let x = -43 - m. What is the highest common divisor of 245 and x?
49
Suppose 11 = 5*j - 9. Suppose -5*r + 47 = -3*o - 28, -r = -4*o + 2. Calculate the greatest common divisor of j and r.
2
Suppose -4*b + b + 141 = 0. Let x = -623 + 624. Let t be 188/(8 - (-35)/(x - 6)). What is the highest common divisor of b and t?
47
Let z be ((-12)/(-10))/(-4 - (-332)/80). Suppose 0 = -r + z + 10. Suppose -41 = -4*c + 7. What is the greatest common divisor of r and c?
6
Let r be (-848)/5 + 6/10 + -1. Let b = r - -174. Calculate the highest common factor of 68 and b.
4
Let u = 4386 - 4067. What is the highest common divisor of 253 and u?
11
Let l be 4*6*3/6. Suppose -2*x - 4*x = -l. Suppose -9*m + 308 = -x*m. Calculate the greatest common factor of 4 and m.
4
Let q be (-11347)/(-21) + (-5)/15. Suppose -m + 2*y + 173 = -377, -m - 3*y + q = 0. What is the greatest common factor of 78 and m?
78
Suppose 2*h - 5*c = 1766, 4*h = -84*c + 89*c + 3502. Calculate the greatest common factor of h and 56.
28
Let d(b) = b**3 + 160*b**2 + 313*b + 138. Let n be d(-158). What is the greatest common factor of n and 96?
12
Suppose i = -1, -3*i + 159 = 2*m + 32. What is the highest common factor of 637 and m?
13
Suppose -y + 2*n + 33 = 109, n - 143 = 2*y. Let o be (1 - 2/10)/((-4)/y). What is the greatest common divisor of 14 and o?
14
Let m = 27 - 14. Suppose 5*r - m = 7, 4*f + 3*r - 120 = 0. Suppose -5 = -j - 2. Calculate the highest common divisor of f and j.
3
Suppose 1134 = 4*a - 22206. Calculate the highest common factor of 45 and a.
15
Let g(j) = 104*j - 10183. Let p be g(98). Calculate the greatest common divisor of p and 2073.
3
Let m = 86 + -81. Suppose m*n - 7*n = -48. What is the highest common divisor of 192 and n?
24
Let v be 4/40 + (-33588)/(-120) + -11. What is the greatest common divisor of v and 1?
1
Suppose -11*a - 16 = -13*a. Let b(j) = 41*j - 86. Let n be b(a). Calculate the greatest common factor of 2 and n.
2
Suppose 0 = -26*t - 35*t + 2935 + 1823. Calculate the greatest common divisor of 4992 and t.
78
Suppose -393 = -5*a + j, 6*a - 5*a = -3*j + 101. Calculate the highest common factor of a and 1120.
80
Suppose 7*m + 9 - 2 = 0. Let i be 1498/63 - (21/27 + m). What is the greatest common divisor of i and 18?
6
Let t(w) = 5*w - 3. Let k be t(1). Suppose k*f + 9 - 17 = 0. Let m be 4/(-5*f/(-80)). What is the greatest common factor of m and 32?
16
Let f = 3920 - 3877. What is the highest common divisor of 4 and f?
1
Suppose -2*p = 5*v - 15, 4*v = -42*p + 40*p + 12. Let h be 2/(-5) - (-1748)/60*v. What is the highest common divisor of 1131 and h?
87
Suppose -42*l + 10405 = -12*l + 325. What is the highest common divisor of 1512 and l?
168
Let h be (2/3)/((-4)/(-66)). Let r(y) = 24*y - 6 + h - 23*y. Let s be r(-4). Calculate the greatest common divisor of s and 6.
1
Let l be ((-1 - 3) + -16)*(-15 - -3). Suppose -6*v + l = -v. What is the greatest common factor of 36 and v?
12
Let t(k) = -41*k + 1133. Let c be t(27). Calculate the highest common divisor of 6864 and c.
26
Suppose 0 = -10036*d + 10056*d - 460. Let b = 147 + 14. Calculate the highest common factor of d and b.
23
Suppose 4*l = l. Suppose 4*c + g - 27 = l, -3*c + 3 = -3*g - 21. Let q = -20 + 27. What is the greatest common divisor of q and c?
7
Let j be (-9808)/(-38) - 20/190. Let y = j + -244. Suppose -2*o + 3*p + 69 = 0, 4*o + p = -p + 178. Calculate the highest common divisor of y and o.
14
Suppose 0*l = 16*l - 80. Suppose -10 = q - z - 18, -l*q + 37 = -4*z. Calculate the greatest common divisor of 2 and q.
1
Let p(j) = 13*j**2 - j + 1. Suppose -3 + 1 = 2*t. Let a be p(t). What is the highest common factor of 165 and a?
15
Let p(v) = v**2 + 39*v - 182. Let b be p(6). What is the highest common divisor of 737 and b?
11
Suppose -3*p + 115*k - 113*k = -1316, 3*p - 4*k - 1330 = 0. Calculate the greatest common divisor of p and 84.
14
Let c = -24321 + 24384. What is the highest common factor of c and 4634?
7
Suppose -15*n + 895 = -380. Let x = n + -12. What is the greatest common divisor of x and 146?
73
Suppose -4*l + 10872 = 2*r, -26*r - 6*l - 10842 = -28*r. What is the highest common divisor of 150 and r?
30
Let y(z) = -2*z**2 - 11*z + 53. Let w be y(-8). Let b(c) = -c**3 + 11*c**2 + 25*c + 21. Let v be b(w). What is the highest common factor of 16 and v?
8
Suppose 35*a - 34*a = 142. Suppose 5*w + a = 7*w. Let b = w - 60. Calculate the greatest common divisor of 11 and b.
11
Suppose -4*w - 2*g = -134, -w = 4*w - 2*g - 154. Let b be 20592/(-286)*1/(-2)*(-8)/(-6). Calculate the highest common divisor of b an